{"id":500,"date":"2017-04-19T11:27:11","date_gmt":"2017-04-19T09:27:11","guid":{"rendered":"http:\/\/staging.deine-klamotten.de\/?page_id=500"},"modified":"2022-09-13T10:18:39","modified_gmt":"2022-09-13T08:18:39","slug":"kontakt","status":"publish","type":"page","link":"https:\/\/deine-klamotten.de\/start\/kontakt\/","title":{"rendered":"Kontakt &#038; FAQ\u00b4s"},"content":{"rendered":"\n\t<script type=\"text\/javascript\">\n  jQuery( document ).ready(function() {\n    function initialize() {\n        var styles = {\n            'flatsome':  [{\n            \"featureType\": \"administrative\",\n            \"stylers\": [\n              { \"visibility\": \"on\" }\n            ]\n          },\n          {\n            \"featureType\": \"road\",\n            \"stylers\": [\n              { \"visibility\": \"on\" },\n              { \"hue\": \"#a61b31\" }\n            ]\n          },\n          {\n            \"stylers\": [\n\t\t\t  { \"visibility\": \"on\" },\n\t\t\t  { \"hue\": \"#a61b31\" },\n\t\t\t  { \"saturation\": -30 }\n            ]\n          }\n        ]};\n\n        var myLatlng = new google.maps.LatLng(53.0165854, 8.7896837);\n        var myOptions = {\n            zoom: 17,\n            center: myLatlng,\n            mapTypeId: google.maps.MapTypeId.ROADMAP,\n            disableDefaultUI: true,\n            mapTypeId: 'flatsome',\n            draggable: true,\n            zoomControl: false,\n            zoomControlOptions: {\n              position: google.maps.ControlPosition.TOP_LEFT\n            },\n      \t\t\t\/\/ panControl: false,\n            \/\/ panControlOptions: {\n            \/\/   position: google.maps.ControlPosition.TOP_LEFT\n            \/\/ },\n      \t\t\tmapTypeControl: false,\n            mapTypeControlOptions: {\n              position: google.maps.ControlPosition.TOP_LEFT\n            },\n      \t\t\t\/\/ scaleControl: false,\n            \/\/ scaleControlOptions: {\n            \/\/   position: google.maps.ControlPosition.TOP_LEFT\n            \/\/ },\n      \t\t\tstreetViewControl: false,\n            streetViewControlOptions: {\n              position: google.maps.ControlPosition.TOP_LEFT\n            },\n      \t\t\t\/\/ overviewMapControl: false,\n            \/\/ overviewMapControlOptions: {\n            \/\/   position: google.maps.ControlPosition.TOP_LEFT\n            \/\/ },\n            scrollwheel: false,\n            disableDoubleClickZoom: true\n        }\n        var map = new google.maps.Map(document.getElementById(\"map-212768235-inner\"), myOptions);\n        var styledMapType = new google.maps.StyledMapType(styles['flatsome'], {name: 'flatsome'});\n        map.mapTypes.set('flatsome', styledMapType);\n\n        var marker = new google.maps.Marker({\n            position: myLatlng,\n            map: map,\n            title:\"\"\n        });\n    }\n\n    google.maps.event.addDomListener(window, 'load', initialize);\n    google.maps.event.addDomListener(window, 'resize', initialize);\n    });\n    <\/script>\n\n    <div class=\"google-map relative mb\" id=\"map-212768235\">\n        <div class=\"map-height\" id=\"map-212768235-inner\"><\/div>\n        <div id=\"map_overlay_top\"><\/div>\n        <div id=\"map_overlay_bottom\"><\/div>\n                  <div class=\"map_inner map-inner last-reset absolute x95 md-x95 lg-x95 y95 md-y95 lg-y95\">\n              \n<h3>Mink GmbH Werbetechnik<\/h3>\n<h3>Bremer Str. 48, 28816 Stuhr\/Brinkum<\/h3>\n         <\/div>\n       \n       \n<style scope=\"scope\">\n\n#map-212768235 .map-inner {\n  background-color: #fff;\n  max-width: 56%;\n}\n#map-212768235 .map-height {\n  height: 400px;\n}\n<\/style>\n    <\/div><!-- .map -->\n\n\t\n<div class=\"row\"  id=\"row-1167918885\">\n<div class=\"col medium-6 large-6\"  ><div class=\"col-inner\"  >\n<div class=\"container section-title-container\" ><h3 class=\"section-title section-title-normal\"><b><\/b><span class=\"section-title-main\" >Wir beantworten eure Fragen.<\/span><b><\/b><\/h3><\/div><!-- .section-title -->\n<p>Bitte lest euch kurz die FAQ&#8217;s durch, bevor ihr uns eine Mail schickt. Vielleicht ist eure Antwort ja schon dabei. Vielen Dank!<\/p>\n<div class=\"accordion\" rel=\"\">\n<div class=\"accordion-item\"><a href=\"#\" class=\"accordion-title plain\"><button class=\"toggle\"><i class=\"icon-angle-down\"><\/i><\/button><span>Wie hoch sind die Versandkosten?<\/span><\/a><div class=\"accordion-inner\">\n<p>Der Standardversand ist deutschlandweit und betr\u00e4gt bis 3kg 4,30\u20ac ohne MwSt. und bis 5kg 4,99\u20ac ohne MwSt..<\/p>\n<p>F\u00fcr \u00d6sterreich bis 5kg 10,82\u20ac ohne MwSt.<\/p>\n<p>F\u00fcr die Niederlande bis 5kg 8,62\u20ac ohne MwSt.<\/p>\n<p>F\u00fcr Polen bis 5kg 22,43\u20ac ohne MwSt.<\/p>\n<\/div><\/div>\n<div class=\"accordion-item\"><a href=\"#\" class=\"accordion-title plain\"><button class=\"toggle\"><i class=\"icon-angle-down\"><\/i><\/button><span>In welche L\u00e4nder versenden Sie?<\/span><\/a><div class=\"accordion-inner\">\n<p>Der Standardversand ist deutschlandweit. Wir versenden aber auch nach Polen, \u00d6sterreich und in die Niederlande.<\/p>\n<\/div><\/div>\n<div class=\"accordion-item\"><a href=\"#\" class=\"accordion-title plain\"><button class=\"toggle\"><i class=\"icon-angle-down\"><\/i><\/button><span>Welche Marken haben die Shirts?<\/span><\/a><div class=\"accordion-inner\">\n<p><span style=\"color: #000000; font-family: Calibri; font-size: medium;\">Wir verwenden ausschlie\u00dflich Markenware von Promodoro, Russel und anderen Premiumherstellern.<\/span><\/p>\n<\/div><\/div>\n<div class=\"accordion-item\"><a href=\"#\" class=\"accordion-title plain\"><button class=\"toggle\"><i class=\"icon-angle-down\"><\/i><\/button><span>Welche Qualit\u00e4t darf ich erwarten?<\/span><\/a><div class=\"accordion-inner\">\n<div>Rippb\u00fcndchen mit Elasthan, Nackenband, verst\u00e4rkte Schultern\u00e4hte, Doppeln\u00e4hte, Schlauchware,<\/div>\n<div>gek\u00e4mmte Baumwolle, strapazierf\u00e4hig, formbest\u00e4ndig, weiches Griffgef\u00fchl<\/div>\n<\/div><\/div>\n<div class=\"accordion-item\"><a href=\"#\" class=\"accordion-title plain\"><button class=\"toggle\"><i class=\"icon-angle-down\"><\/i><\/button><span>Gr\u00f6\u00dfen &amp; Farben<\/span><\/a><div class=\"accordion-inner\">\n<p>Bitte w\u00e4hle die Gr\u00f6\u00dfe anhand der Gr\u00f6\u00dfentabellen. Hier sind fertigungstechnisch Abweichungen von 1 &#8211; 3 cm m\u00f6glich.<\/p>\n<p>Die tats\u00e4chliche Farbe kann aufgrund von Unterschieden in der Computeranzeige leicht von den Bildern abweichen.<\/p>\n<\/div><\/div>\n<div class=\"accordion-item\"><a href=\"#\" class=\"accordion-title plain\"><button class=\"toggle\"><i class=\"icon-angle-down\"><\/i><\/button><span>Wie lange dauert die Lieferung?<\/span><\/a><div class=\"accordion-inner\">\n<p><span style=\"color: #000000; font-family: Calibri; font-size: medium;\">Die Lieferung dauert Werktags (Mo. bis Fr.) 2-3 Tage. <\/span><\/p>\n<\/div><\/div>\n<div class=\"accordion-item\"><a href=\"#\" class=\"accordion-title plain\"><button class=\"toggle\"><i class=\"icon-angle-down\"><\/i><\/button><span>Versand an eine Packstation?<\/span><\/a><div class=\"accordion-inner\">\n<p>Wir versenden per GLS. Ein Versand an eine Packstation ist leider nicht m\u00f6glich.<\/p>\n<\/div><\/div>\n<div class=\"accordion-item\"><a href=\"#\" class=\"accordion-title plain\"><button class=\"toggle\"><i class=\"icon-angle-down\"><\/i><\/button><span>Sind meine Daten bei Ihnen sicher?<\/span><\/a><div class=\"accordion-inner\">\n<p><span style=\"color: #000000; font-family: Calibri; font-size: medium;\">Ja, wir arbeiten mit modernen Virenscannern und die Daten werden nicht an Dritte weiter gegeben. <\/span><\/p>\n<\/div><\/div>\n<div class=\"accordion-item\"><a href=\"#\" class=\"accordion-title plain\"><button class=\"toggle\"><i class=\"icon-angle-down\"><\/i><\/button><span>Was genau passiert, wenn ich bei Ihnen bestellt habe?<\/span><\/a><div class=\"accordion-inner\">\n<p><span style=\"color: #000000; font-family: Calibri; font-size: medium;\">Nach Geld Eingang von dir, wird dein Shirt bedruckt, verpackt und an dich verschickt. <\/span><\/p>\n<\/div><\/div>\n<div class=\"accordion-item\"><a href=\"#\" class=\"accordion-title plain\"><button class=\"toggle\"><i class=\"icon-angle-down\"><\/i><\/button><span>Bekomme ich eine Rechnung von Ihnen?<\/span><\/a><div class=\"accordion-inner\">\n<p>Ja, bei uns gibt es eine Rechnung mit ausgewiesener, aktueller Mehrwertsteuer.<\/p>\n<\/div><\/div>\n<\/div>\n<\/div><\/div>\n<div class=\"col medium-6 large-6\"  ><div class=\"col-inner\"  >\n<div class=\"container section-title-container\" ><h3 class=\"section-title section-title-normal\"><b><\/b><span class=\"section-title-main\" >Wir freuen uns auf deine Anfrage<\/span><b><\/b><\/h3><\/div><!-- .section-title -->\n<div role=\"form\" class=\"wpcf7\" id=\"wpcf7-f92963-o1\" lang=\"de-DE\" dir=\"ltr\">\n<div class=\"screen-reader-response\"><p role=\"status\" aria-live=\"polite\" aria-atomic=\"true\"><\/p> <ul><\/ul><\/div>\n<form action=\"\/start\/wp-json\/wp\/v2\/pages\/500#wpcf7-f92963-o1\" method=\"post\" class=\"wpcf7-form init\" novalidate=\"novalidate\" data-status=\"init\">\n<div style=\"display: none;\">\n<input type=\"hidden\" name=\"_wpcf7\" value=\"92963\" \/>\n<input type=\"hidden\" name=\"_wpcf7_version\" value=\"5.4\" \/>\n<input type=\"hidden\" name=\"_wpcf7_locale\" value=\"de_DE\" \/>\n<input type=\"hidden\" name=\"_wpcf7_unit_tag\" value=\"wpcf7-f92963-o1\" \/>\n<input type=\"hidden\" name=\"_wpcf7_container_post\" value=\"0\" \/>\n<input type=\"hidden\" name=\"_wpcf7_posted_data_hash\" value=\"\" \/>\n<input type=\"hidden\" name=\"_wpcf7_recaptcha_response\" value=\"\" \/>\n<\/div>\n<p><label> Dein Name (erforderlich)<br \/>\n    <span class=\"wpcf7-form-control-wrap your-name\"><input type=\"text\" name=\"your-name\" value=\"\" size=\"40\" class=\"wpcf7-form-control wpcf7-text wpcf7-validates-as-required\" aria-required=\"true\" aria-invalid=\"false\" \/><\/span> <\/label><\/p>\n<p><label> Deine Email (erforderlich)<br \/>\n    <span class=\"wpcf7-form-control-wrap your-email\"><input type=\"email\" name=\"your-email\" value=\"\" size=\"40\" class=\"wpcf7-form-control wpcf7-text wpcf7-email wpcf7-validates-as-required wpcf7-validates-as-email\" aria-required=\"true\" aria-invalid=\"false\" \/><\/span> <\/label><\/p>\n<p><label> Betreff<br \/>\n    <span class=\"wpcf7-form-control-wrap your-subject\"><input type=\"text\" name=\"your-subject\" value=\"\" size=\"40\" class=\"wpcf7-form-control wpcf7-text\" aria-invalid=\"false\" \/><\/span> <\/label><\/p>\n<p><label> Deine Nachricht<br \/>\n    <span class=\"wpcf7-form-control-wrap your-message\"><textarea name=\"your-message\" cols=\"40\" rows=\"10\" class=\"wpcf7-form-control wpcf7-textarea\" aria-invalid=\"false\"><\/textarea><\/span> <\/label><\/p>\n<p><input type=\"submit\" value=\"Senden\" class=\"wpcf7-form-control wpcf7-submit\" \/><\/p>\n<div class=\"wpcf7-response-output\" aria-hidden=\"true\"><\/div><\/form><\/div>\n<\/div><\/div>\n<\/div>\n","protected":false},"excerpt":{"rendered":"","protected":false},"author":1,"featured_media":0,"parent":0,"menu_order":0,"comment_status":"closed","ping_status":"closed","template":"page-blank.php","meta":[],"_links":{"self":[{"href":"https:\/\/deine-klamotten.de\/start\/wp-json\/wp\/v2\/pages\/500"}],"collection":[{"href":"https:\/\/deine-klamotten.de\/start\/wp-json\/wp\/v2\/pages"}],"about":[{"href":"https:\/\/deine-klamotten.de\/start\/wp-json\/wp\/v2\/types\/page"}],"author":[{"embeddable":true,"href":"https:\/\/deine-klamotten.de\/start\/wp-json\/wp\/v2\/users\/1"}],"replies":[{"embeddable":true,"href":"https:\/\/deine-klamotten.de\/start\/wp-json\/wp\/v2\/comments?post=500"}],"version-history":[{"count":15,"href":"https:\/\/deine-klamotten.de\/start\/wp-json\/wp\/v2\/pages\/500\/revisions"}],"predecessor-version":[{"id":96830,"href":"https:\/\/deine-klamotten.de\/start\/wp-json\/wp\/v2\/pages\/500\/revisions\/96830"}],"wp:attachment":[{"href":"https:\/\/deine-klamotten.de\/start\/wp-json\/wp\/v2\/media?parent=500"}],"curies":[{"name":"wp","href":"https:\/\/api.w.org\/{rel}","templated":true}]}}