{"id":31791,"date":"2017-08-17T21:21:22","date_gmt":"2017-08-17T19:21:22","guid":{"rendered":"http:\/\/deine-klamotten.de\/?post_type=product&#038;p=31791"},"modified":"2017-09-30T11:27:08","modified_gmt":"2017-09-30T09:27:08","slug":"tasse-ich-bin-brauche-keine-therapie-ich-muss-nur-an-die-ostsee","status":"publish","type":"product","link":"https:\/\/deine-klamotten.de\/start\/produkt\/tasse-ich-bin-brauche-keine-therapie-ich-muss-nur-an-die-ostsee\/","title":{"rendered":"Tasse Ich brauche keine Therapie, ich muss nur an die Ostsee"},"content":{"rendered":"<h3><strong>M\u00f6wengeschrei und Meeresrauschen. Wellen und Wind. Krabben und Matjes. Die K\u00fcste hat f\u00fcr Dich eine heilende Wirkung \u2013 Ich brauche keine Therapie. Ich muss nur an die Ostsee. <\/strong><\/h3>\n<h3><strong>Diese Tasse ist ein klares Statement: Ich bin Norddeutscher. <\/strong><\/h3>\n<p>Weisse Tasse Bedruckt 280 ml Keramik<\/p>\n","protected":false},"excerpt":{"rendered":"<p>Weisse Tasse Bedruckt 280 ml Keramik &#8211; Kurzbeschreibung<\/p>\n","protected":false},"featured_media":0,"comment_status":"open","ping_status":"closed","template":"","meta":[],"_links":{"self":[{"href":"https:\/\/deine-klamotten.de\/start\/wp-json\/wp\/v2\/product\/31791"}],"collection":[{"href":"https:\/\/deine-klamotten.de\/start\/wp-json\/wp\/v2\/product"}],"about":[{"href":"https:\/\/deine-klamotten.de\/start\/wp-json\/wp\/v2\/types\/product"}],"replies":[{"embeddable":true,"href":"https:\/\/deine-klamotten.de\/start\/wp-json\/wp\/v2\/comments?post=31791"}],"wp:attachment":[{"href":"https:\/\/deine-klamotten.de\/start\/wp-json\/wp\/v2\/media?parent=31791"}],"curies":[{"name":"wp","href":"https:\/\/api.w.org\/{rel}","templated":true}]}}