{"id":39711,"date":"2017-10-14T11:12:20","date_gmt":"2017-10-14T09:12:20","guid":{"rendered":"http:\/\/deine-klamotten.de\/?post_type=product&#038;p=39711"},"modified":"2017-10-14T11:15:03","modified_gmt":"2017-10-14T09:15:03","slug":"baby-fun-strampler-prinzessin-krone-pink","status":"publish","type":"product","link":"https:\/\/deine-klamotten.de\/start\/produkt\/baby-fun-strampler-prinzessin-krone-pink\/","title":{"rendered":"Baby Fun Strampler Prinzessin Krone Pink"},"content":{"rendered":"<h3><strong>Baby Fun Strampler Prinzessin Krone Pink<\/strong><\/h3>\n<h3><strong>S\u00fc\u00dfer Baby Strampler in Bio Baumwolle zum super Preis<\/strong><\/h3>\n<div>Baby Stampler, \u00fcberlappende Schulterpartie f\u00fcr besonders leichtes An- und Ausziehen, Druckkn\u00f6pfe im Schritt, Rib, zertifizierte (Bio-) Baumwolle, 100% Baumwolle, 200g\/m\u00b2<\/div>\n<div><\/div>\n<div><strong>Verarbeitung<\/strong><\/div>\n<div>&#8211; \u00fcberlappende Schulterpartie f\u00fcr besonders leichtes An- und Ausziehen<\/div>\n<div>&#8211; Druckkn\u00f6pfe im Schritt<\/div>\n<div>&#8211; Doppeln\u00e4hte<\/div>\n<div>&#8211; Seitenn\u00e4hte<\/div>\n<div><\/div>\n<div><strong>Eigenschaften<\/strong><\/div>\n<div>&#8211; gek\u00e4mmte Baumwolle<\/div>\n<div>&#8211; strapazierf\u00e4hig<\/div>\n<div>&#8211; formbest\u00e4ndig<\/div>\n<div>&#8211; hohe Elastizit\u00e4t<\/div>\n<div>&#8211; weiches Griffgef\u00fchl<\/div>\n<div>&#8211; zertifizierte (Bio-) Baumwolle<\/div>\n","protected":false},"excerpt":{"rendered":"<p>Baby Strampler, Rib, zertifizierte (Bio-) Baumwolle<\/p>\n","protected":false},"featured_media":0,"comment_status":"open","ping_status":"closed","template":"","meta":[],"_links":{"self":[{"href":"https:\/\/deine-klamotten.de\/start\/wp-json\/wp\/v2\/product\/39711"}],"collection":[{"href":"https:\/\/deine-klamotten.de\/start\/wp-json\/wp\/v2\/product"}],"about":[{"href":"https:\/\/deine-klamotten.de\/start\/wp-json\/wp\/v2\/types\/product"}],"replies":[{"embeddable":true,"href":"https:\/\/deine-klamotten.de\/start\/wp-json\/wp\/v2\/comments?post=39711"}],"wp:attachment":[{"href":"https:\/\/deine-klamotten.de\/start\/wp-json\/wp\/v2\/media?parent=39711"}],"curies":[{"name":"wp","href":"https:\/\/api.w.org\/{rel}","templated":true}]}}