{"id":47109,"date":"2017-11-16T20:40:15","date_gmt":"2017-11-16T19:40:15","guid":{"rendered":"http:\/\/deine-klamotten.de\/?post_type=product&#038;p=47109"},"modified":"2017-11-16T20:50:37","modified_gmt":"2017-11-16T19:50:37","slug":"damen-fun-shirt-ich-brauche-keine-therapie-ich-muss-nur-nach-norwegen","status":"publish","type":"product","link":"https:\/\/deine-klamotten.de\/start\/produkt\/damen-fun-shirt-ich-brauche-keine-therapie-ich-muss-nur-nach-norwegen\/","title":{"rendered":"Damen Fun Shirt Ich brauche keine Therapie, ich muss nur nach Norwegen"},"content":{"rendered":"<h3><strong>Damen Fun Shirt Ich brauche keine Therapie, ich muss nur nach Norwegen<\/strong><\/h3>\n<h3><strong>Du liebst Bergen und den Geiranger Fjord. Dein Gaumen sehnt sich nach norwegischem Bier und R\u00f8mmegr\u00f8t. Trollstigen und Atlanterhavsveien sind Dir wohl bekannt. Norwegen ist das Land Deiner Tr\u00e4ume. Hier findest Du Ruhe und Gelassenheit. Preikestolen und Nidarosdom. Dieses wunderbare Land heilt alle Wunden.<\/strong><\/h3>\n<h3><strong>Damen Fun T-Shirt Ich brauche keine Therapie, ich muss nur nach Norwegen<\/strong><\/h3>\n<h3><strong>Fun Shirt in Top Qualit\u00e4t zum super Preis<\/strong><\/h3>\n<div>T-Shirt, leicht tailliert, Single Jersey, 100 % Baumwolle, 180 g\/m\u00b2<\/div>\n<div><\/div>\n<div><strong>Schnitt<\/strong><\/div>\n<div>&#8211; komfortable Schnittform<\/div>\n<div>&#8211; leicht tailliert<\/div>\n<div>&#8211; optimierte L\u00e4nge<\/div>\n<div><\/div>\n<div><strong>Verarbeitung<\/strong><\/div>\n<div>&#8211; Rippb\u00fcndchen mit Elasthan<\/div>\n<div>&#8211; Nackenband<\/div>\n<div>&#8211; verst\u00e4rkte Schultern\u00e4hte<\/div>\n<div>&#8211; Doppeln\u00e4hte<\/div>\n<div>&#8211; Seitenn\u00e4hte<\/div>\n<div><\/div>\n<div><strong>Eigenschaften<\/strong><\/div>\n<div>&#8211; gek\u00e4mmte Baumwolle<\/div>\n<div>&#8211; strapazierf\u00e4hig<\/div>\n<div>&#8211; formbest\u00e4ndig<\/div>\n<div>&#8211; weiches Griffgef\u00fchl<\/div>\n<div><\/div>\n","protected":false},"excerpt":{"rendered":"<p>Damen T-Shirt, leicht tailliert, Single Jersey<\/p>\n<p>Gr\u00f6\u00dfen XS &#8211; 3XL<\/p>\n","protected":false},"featured_media":0,"comment_status":"open","ping_status":"closed","template":"","meta":[],"_links":{"self":[{"href":"https:\/\/deine-klamotten.de\/start\/wp-json\/wp\/v2\/product\/47109"}],"collection":[{"href":"https:\/\/deine-klamotten.de\/start\/wp-json\/wp\/v2\/product"}],"about":[{"href":"https:\/\/deine-klamotten.de\/start\/wp-json\/wp\/v2\/types\/product"}],"replies":[{"embeddable":true,"href":"https:\/\/deine-klamotten.de\/start\/wp-json\/wp\/v2\/comments?post=47109"}],"wp:attachment":[{"href":"https:\/\/deine-klamotten.de\/start\/wp-json\/wp\/v2\/media?parent=47109"}],"curies":[{"name":"wp","href":"https:\/\/api.w.org\/{rel}","templated":true}]}}