{"id":49387,"date":"2017-11-29T21:06:12","date_gmt":"2017-11-29T20:06:12","guid":{"rendered":"http:\/\/deine-klamotten.de\/?post_type=product&#038;p=49387"},"modified":"2021-03-05T12:06:08","modified_gmt":"2021-03-05T11:06:08","slug":"fun-hoodie-ich-brauche-keine-therapie-ich-muss-nur-zum-festival","status":"publish","type":"product","link":"https:\/\/deine-klamotten.de\/start\/produkt\/fun-hoodie-ich-brauche-keine-therapie-ich-muss-nur-zum-festival\/","title":{"rendered":"Herren Fun Hoodie Ich brauche keine Therapie ich muss nur zum Festival"},"content":{"rendered":"<h3><strong>Cooler M\u00e4nner Fun Hoodie Ich brauche keine Therapie ich muss nur zum Festival<\/strong><\/h3>\n<h3><span style=\"font-size: 95%;\"><strong>Egal ob Wacken, Ferdinands Feld oder Bremen Ole \u2013 ein Festival ist eine andere Welt. Hier l\u00e4sst man seine Sorgen hinter sich und genie\u00dft gro\u00dfartige Musik und eine au\u00dfergew\u00f6hnliche Stimmung.<\/strong><\/span><\/h3>\n<h3><strong>Fun Hoodie Ich brauche keine Therapie ich muss nur zum Festival<\/strong><\/h3>\n<p>&#8211; K\u00e4ngurutasche<br \/>\n&#8211; Doppelkapuze<br \/>\n&#8211; Elasthanb\u00fcndchen an Arm und Saum<br \/>\n&#8211; Mischgewebe mit 80 % Baumwolle &#8211;\u00a020 % Polyester<br \/>\n&#8211; Molton brushed<br \/>\n&#8211; 280 g\/m<\/p>\n<div>\n<p>&#8211; komfortable Schnittform<br \/>\n&#8211; angenehmes Tragegef\u00fchl<\/p>\n<p>&#8211; 3-f\u00e4dige Sweatware<br \/>\n&#8211; angeraute Innenseite<br \/>\n&#8211; Set-in-\u00c4rmel<br \/>\n&#8211; Elasthanb\u00fcndchen an Arm und Saum<br \/>\n&#8211; verst\u00e4rkte Schultern\u00e4hte<br \/>\n&#8211; Doppeln\u00e4hte<\/p>\n<p>&#8211; gek\u00e4mmte Baumwolle<br \/>\n&#8211; gute thermophysiologische Eigenschaften<br \/>\n&#8211; feine Oberfl\u00e4che<\/p>\n<\/div>\n","protected":false},"excerpt":{"rendered":"<p>Herren Hoodie, Kapuze, K\u00e4ngurutasche, Baumwolle\/Polyester Mischgewebe (20\/80)<\/p>\n","protected":false},"featured_media":0,"comment_status":"open","ping_status":"closed","template":"","meta":[],"_links":{"self":[{"href":"https:\/\/deine-klamotten.de\/start\/wp-json\/wp\/v2\/product\/49387"}],"collection":[{"href":"https:\/\/deine-klamotten.de\/start\/wp-json\/wp\/v2\/product"}],"about":[{"href":"https:\/\/deine-klamotten.de\/start\/wp-json\/wp\/v2\/types\/product"}],"replies":[{"embeddable":true,"href":"https:\/\/deine-klamotten.de\/start\/wp-json\/wp\/v2\/comments?post=49387"}],"wp:attachment":[{"href":"https:\/\/deine-klamotten.de\/start\/wp-json\/wp\/v2\/media?parent=49387"}],"curies":[{"name":"wp","href":"https:\/\/api.w.org\/{rel}","templated":true}]}}