{"id":50661,"date":"2017-11-30T21:08:54","date_gmt":"2017-11-30T20:08:54","guid":{"rendered":"http:\/\/deine-klamotten.de\/?post_type=product&#038;p=50661"},"modified":"2017-11-30T21:14:05","modified_gmt":"2017-11-30T20:14:05","slug":"kissen-liebeserklaerung-an-die-mama","status":"publish","type":"product","link":"https:\/\/deine-klamotten.de\/start\/produkt\/kissen-liebeserklaerung-an-die-mama\/","title":{"rendered":"Kissen Liebeserkl\u00e4rung an die Mama"},"content":{"rendered":"<h3><strong>Sch\u00f6nes Kissen Liebeserkl\u00e4rung an die Mama<\/strong><strong><br \/>\n<\/strong><\/h3>\n<h3><b>Noch besser als Dich zur Mama zu haben ist, dass mein Kind Dich als Oma hat.<\/b><\/h3>\n<h3><strong>MAMA, Du bist die BESTE!<\/strong><\/h3>\n<h3><strong>Liebeserkl\u00e4rung an die Mama<\/strong><strong style=\"font-size: 20.16px;\"> &#8211; auch ein super Geschenk zum Geburtstag.<\/strong><\/h3>\n<p>Kissenbezug\/Kissenh\u00fclle<br \/>\nTop Qualit\u00e4t<br \/>\n100% Baumwolle<br \/>\nMit Rei\u00dfverschluss<br \/>\nMa\u00dfe: 40&#215;40 cm<br \/>\nWaschbar bis 30\u00b0C<br \/>\nBedruckt per Direktdruck<br \/>\nLieferumfang: Kissenbezug mit F\u00fcllung<br \/>\nBitte das der Lieferung beigef\u00fcgte Hinweisblatt beachten!<br \/>\nHochwertig verarbeitete und sehr sch\u00f6ne Kissenbez\u00fcge aus 100% Baumwolle.<\/p>\n","protected":false},"excerpt":{"rendered":"<p>Kissenbezug\/Kissenh\u00fclle\u00a0Top Qualit\u00e4t\u00a0100% Baumwolle mit Rei\u00dfverschluss\u00a0Ma\u00dfe: 40&#215;40 cm<\/p>\n","protected":false},"featured_media":0,"comment_status":"open","ping_status":"closed","template":"","meta":[],"_links":{"self":[{"href":"https:\/\/deine-klamotten.de\/start\/wp-json\/wp\/v2\/product\/50661"}],"collection":[{"href":"https:\/\/deine-klamotten.de\/start\/wp-json\/wp\/v2\/product"}],"about":[{"href":"https:\/\/deine-klamotten.de\/start\/wp-json\/wp\/v2\/types\/product"}],"replies":[{"embeddable":true,"href":"https:\/\/deine-klamotten.de\/start\/wp-json\/wp\/v2\/comments?post=50661"}],"wp:attachment":[{"href":"https:\/\/deine-klamotten.de\/start\/wp-json\/wp\/v2\/media?parent=50661"}],"curies":[{"name":"wp","href":"https:\/\/api.w.org\/{rel}","templated":true}]}}