{"id":58081,"date":"2018-01-06T11:15:02","date_gmt":"2018-01-06T10:15:02","guid":{"rendered":"http:\/\/deine-klamotten.de\/?post_type=product&#038;p=58081"},"modified":"2021-02-25T10:42:22","modified_gmt":"2021-02-25T09:42:22","slug":"fun-hoodie-meine-heimat-westdeutschland-individuell-bedruckt-mit-dem-namen-deiner-heimatstadt","status":"publish","type":"product","link":"https:\/\/deine-klamotten.de\/start\/produkt\/fun-hoodie-meine-heimat-westdeutschland-individuell-bedruckt-mit-dem-namen-deiner-heimatstadt\/","title":{"rendered":"Herren Fun Hoodie Meine Heimat Westdeutschland individuell bedruckt mit dem Namen Deiner Heimatstadt"},"content":{"rendered":"<h3><strong>Herren Fun Hoodie &#8211; Deine Heimat &#8211; Westdeutschland<\/strong><\/h3>\n<h3><strong>Trage einfach den Namen Deiner Heimatstadt in das Textfeld ein und wir bedrucken Deinen ganz pers\u00f6nlichen Hoodie<\/strong><\/h3>\n<p>Du liebst Deine Heimat, den Westen und die Stadt in der Du lebst. Heimat ist nicht einfach nur eine Stadt, ein Ort oder ein Dorf \u2013 das ist ein Gef\u00fchl. Herbert hat es schon gesungen: Tief im Westen&#8230;ist es besser, viel besser als man glaubt. Hier im Sektor gibt es gro\u00dfartige St\u00e4dte: Dortmund, Essen, Oberhausen. Und auch K\u00f6ln und D\u00fcsseldorf. Der ewige Streit um die richtige Seite des Rheins wird heute nicht mehr so ernst genommen. Und auf beiden Seiten trinkt man mittlerweile K\u00f6lsch und Alt. Wer hier seine Wurzeln hat, kehrt immer wieder zur\u00fcck, oder geht erst gar nicht fort.<\/p>\n<p>Hier findest Du <strong><span style=\"color: #d83131;\">viele sch\u00f6ne Dinge<\/span><\/strong>, die wir individuell mit dem Namen Deiner Heimatstadt bedrucken. Auch perfekt als Geschenk zum Geburtstag, zu Weihnachten oder einfach, um sich selbst eine Freude zu machen.<\/p>\n<p>Herren Fun Shirts<\/p>\n<p>Damen Fun Shirts<\/p>\n<p>Kinder Fun Shirts<\/p>\n<p>Herren Hoodies<\/p>\n<p>Damen Hoodies<\/p>\n<p>Babystrampler<\/p>\n<p>Herren Tanktops<\/p>\n<p>Damen Tanktops<\/p>\n<p>Basecaps<\/p>\n<p>Turnbeutel<\/p>\n<p>Kaffeetassen<\/p>\n<p>Kissen<\/p>\n<p>Wandtattoos<\/p>\n<p>Auto-Aufkleber<\/p>\n<p>Heckscheiben-Aufkleber<\/p>\n<p>K\u00f6ln D\u00fcsseldorf Dortmund Essen Duisburg Herne Wanne-Eickel Bochum Wuppertal Haan Langenfeld M\u00f6nchengladbach Bielefeld Bonn Gelsenkirchen Aachen Krefeld Oberhausen Hagen Hamm M\u00fclheim Ludwigshafen Leverkusen Solingen Neuss Paderborn Bottrop Recklinghausen Bergisch Gladbach Remscheid Rheinland Ruhrgebiet Bergisches Land Moers Siegen Unna<\/p>\n<hr \/>\n<p><strong>Artikelbeschreibung<\/strong><\/p>\n<p>&#8211; K\u00e4ngurutasche<br \/>\n&#8211; Doppelkapuze<br \/>\n&#8211; Elasthanb\u00fcndchen an Arm und Saum<br \/>\n&#8211; Mischgewebe mit 80 % Baumwolle &#8211;\u00a020 % Polyester<br \/>\n&#8211; Molton brushed<br \/>\n&#8211; 280 g\/m<\/p>\n<div>\n<p>&#8211; komfortable Schnittform<br \/>\n&#8211; angenehmes Tragegef\u00fchl<\/p>\n<p>&#8211; 3-f\u00e4dige Sweatware<br \/>\n&#8211; angeraute Innenseite<br \/>\n&#8211; Set-in-\u00c4rmel<br \/>\n&#8211; Elasthanb\u00fcndchen an Arm und Saum<br \/>\n&#8211; verst\u00e4rkte Schultern\u00e4hte<br \/>\n&#8211; Doppeln\u00e4hte<\/p>\n<p>&#8211; gek\u00e4mmte Baumwolle<br \/>\n&#8211; gute thermophysiologische Eigenschaften<br \/>\n&#8211; feine Oberfl\u00e4che<\/p>\n<\/div>\n","protected":false},"excerpt":{"rendered":"<p>Trage einfach den Namen Deiner Heimatstadt in das Textfeld ein und wir bedrucken Deinen ganz pers\u00f6nlichen Hoodie.<\/p>\n","protected":false},"featured_media":0,"comment_status":"open","ping_status":"closed","template":"","meta":[],"_links":{"self":[{"href":"https:\/\/deine-klamotten.de\/start\/wp-json\/wp\/v2\/product\/58081"}],"collection":[{"href":"https:\/\/deine-klamotten.de\/start\/wp-json\/wp\/v2\/product"}],"about":[{"href":"https:\/\/deine-klamotten.de\/start\/wp-json\/wp\/v2\/types\/product"}],"replies":[{"embeddable":true,"href":"https:\/\/deine-klamotten.de\/start\/wp-json\/wp\/v2\/comments?post=58081"}],"wp:attachment":[{"href":"https:\/\/deine-klamotten.de\/start\/wp-json\/wp\/v2\/media?parent=58081"}],"curies":[{"name":"wp","href":"https:\/\/api.w.org\/{rel}","templated":true}]}}