{"id":62598,"date":"2018-01-23T19:40:39","date_gmt":"2018-01-23T18:40:39","guid":{"rendered":"http:\/\/deine-klamotten.de\/?post_type=product&#038;p=62598"},"modified":"2018-01-23T19:47:47","modified_gmt":"2018-01-23T18:47:47","slug":"damen-fun-tanktop-bier-weil-maenner-scheisse-sind","status":"publish","type":"product","link":"https:\/\/deine-klamotten.de\/start\/produkt\/damen-fun-tanktop-bier-weil-maenner-scheisse-sind\/","title":{"rendered":"Damen Fun Tanktop BIER weil M\u00e4nner scheisse sind"},"content":{"rendered":"<h3><strong>Damen Fun Tanktop BIER weil M\u00e4nner scheisse sind<\/strong><\/h3>\n<h3><strong>Das perfekte Shirt f\u00fcr Deine Tour mit Deiner M\u00e4dels Crew. Egal ob Mallorca, Junggesellenabschied oder M\u00e4delsabend.<\/strong><\/h3>\n<h3><strong>Damen Fun Tanktop BIER weil M\u00e4nner scheisse sind<\/strong><\/h3>\n<h3><b>Damen Tr\u00e4gershirt in Top Qualit\u00e4t zum super Preis<\/b><\/h3>\n<div>Tr\u00e4gershirt, figurbetont, Single Jersey, neutrales Gr\u00f6\u00dfenetikett,\u00a095 % Baumwolle, 5 % Elasthan, 180 g\/m\u00b2<\/div>\n<div><\/div>\n<div><strong>Schnitt<\/strong><\/div>\n<div>&#8211; figurbetont<\/div>\n<div><\/div>\n<div><strong>Verarbeitung<\/strong><\/div>\n<div>&#8211; neutrales Gr\u00f6\u00dfenetikett<\/div>\n<div>&#8211; Doppeln\u00e4hte<\/div>\n<div>&#8211; Seitenn\u00e4hte<\/div>\n<div><\/div>\n<div><strong>Eigenschaften<\/strong><\/div>\n<div>&#8211; gek\u00e4mmte Baumwolle<\/div>\n<div>&#8211; weiches Griffgef\u00fchl<\/div>\n<div>&#8211; Elasthananteil f\u00fcr besseren Komfort und Tragegef\u00fchl<\/div>\n<div><\/div>\n","protected":false},"excerpt":{"rendered":"<p>Damen Tank Top, Tr\u00e4gershirt, figurbetont, Single Jersey<\/p>\n","protected":false},"featured_media":0,"comment_status":"open","ping_status":"closed","template":"","meta":[],"_links":{"self":[{"href":"https:\/\/deine-klamotten.de\/start\/wp-json\/wp\/v2\/product\/62598"}],"collection":[{"href":"https:\/\/deine-klamotten.de\/start\/wp-json\/wp\/v2\/product"}],"about":[{"href":"https:\/\/deine-klamotten.de\/start\/wp-json\/wp\/v2\/types\/product"}],"replies":[{"embeddable":true,"href":"https:\/\/deine-klamotten.de\/start\/wp-json\/wp\/v2\/comments?post=62598"}],"wp:attachment":[{"href":"https:\/\/deine-klamotten.de\/start\/wp-json\/wp\/v2\/media?parent=62598"}],"curies":[{"name":"wp","href":"https:\/\/api.w.org\/{rel}","templated":true}]}}