{"id":70604,"date":"2018-02-27T19:23:45","date_gmt":"2018-02-27T18:23:45","guid":{"rendered":"https:\/\/deine-klamotten.de\/?post_type=product&#038;p=70604"},"modified":"2018-02-27T19:29:31","modified_gmt":"2018-02-27T18:29:31","slug":"damen-fun-tanktop-every-blondie-needs-a-brownie-bff-best-friends-freundschaft","status":"publish","type":"product","link":"https:\/\/deine-klamotten.de\/start\/produkt\/damen-fun-tanktop-every-blondie-needs-a-brownie-bff-best-friends-freundschaft\/","title":{"rendered":"Damen Fun Tanktop\u00a0Every blondie needs a brownie #BFF best friends Freundschaft"},"content":{"rendered":"<h3><strong>Damen Fun Tanktop Every blondie needs a brownie #BFF best friends Freundschaft<\/strong><\/h3>\n<h3><strong>Cooles Tr\u00e4gershirt f\u00fcr beste Freundinnen<\/strong><\/h3>\n<h3><strong>Auch perfekt f\u00fcr das Fitness Studio<\/strong><\/h3>\n<h3><strong>Damen Fun Tanktop Every blondie needs a brownie #BFF best friends Freundschaft<\/strong><\/h3>\n<h3><b>Damen Tr\u00e4gershirt in Top Qualit\u00e4t zum super Preis<\/b><\/h3>\n<div>Tr\u00e4gershirt, figurbetont, Single Jersey, neutrales Gr\u00f6\u00dfenetikett,\u00a095 % Baumwolle, 5 % Elasthan, 180 g\/m\u00b2<\/div>\n<div><\/div>\n<div><strong>Schnitt<\/strong><\/div>\n<div>&#8211; figurbetont<\/div>\n<div><\/div>\n<div><strong>Verarbeitung<\/strong><\/div>\n<div>&#8211; neutrales Gr\u00f6\u00dfenetikett<\/div>\n<div>&#8211; Doppeln\u00e4hte<\/div>\n<div>&#8211; Seitenn\u00e4hte<\/div>\n<div><\/div>\n<div><strong>Eigenschaften<\/strong><\/div>\n<div>&#8211; gek\u00e4mmte Baumwolle<\/div>\n<div>&#8211; weiches Griffgef\u00fchl<\/div>\n<div>&#8211; Elasthananteil f\u00fcr besseren Komfort und Tragegef\u00fchl<\/div>\n<div><\/div>\n","protected":false},"excerpt":{"rendered":"<p>Damen Tank Top, Tr\u00e4gershirt, figurbetont, Single Jersey<\/p>\n","protected":false},"featured_media":0,"comment_status":"open","ping_status":"closed","template":"","meta":[],"_links":{"self":[{"href":"https:\/\/deine-klamotten.de\/start\/wp-json\/wp\/v2\/product\/70604"}],"collection":[{"href":"https:\/\/deine-klamotten.de\/start\/wp-json\/wp\/v2\/product"}],"about":[{"href":"https:\/\/deine-klamotten.de\/start\/wp-json\/wp\/v2\/types\/product"}],"replies":[{"embeddable":true,"href":"https:\/\/deine-klamotten.de\/start\/wp-json\/wp\/v2\/comments?post=70604"}],"wp:attachment":[{"href":"https:\/\/deine-klamotten.de\/start\/wp-json\/wp\/v2\/media?parent=70604"}],"curies":[{"name":"wp","href":"https:\/\/api.w.org\/{rel}","templated":true}]}}