{"id":75868,"date":"2018-04-06T16:02:56","date_gmt":"2018-04-06T14:02:56","guid":{"rendered":"https:\/\/deine-klamotten.de\/?post_type=product&#038;p=75868"},"modified":"2021-04-06T14:03:14","modified_gmt":"2021-04-06T12:03:14","slug":"herren-rundhalsfun-shirt-bobber-style-motorrad-biker","status":"publish","type":"product","link":"https:\/\/deine-klamotten.de\/start\/produkt\/herren-rundhalsfun-shirt-bobber-style-motorrad-biker\/","title":{"rendered":"Herren Rundhals Fun Shirt Bobber Style Motorrad Biker"},"content":{"rendered":"<h3><strong>M\u00e4nner Fun Shirt Bobber Style Motorrad Biker<\/strong><\/h3>\n<h3><strong>Cooles M\u00e4nner T-Shirt f\u00fcr alle Biker. Schon wenn Du Deine Maschine im Herbst einmottest, kannst Du es kaum erwarten, sie im Fr\u00fchjahr wieder auszupacken.<\/strong><\/h3>\n<h3><strong>M\u00e4nner Fun Shirt Bobber Style Motorrad Biker<\/strong><\/h3>\n<h3><strong>Herren Fun Shirt in Top Qualit\u00e4t zum super Preis<\/strong><\/h3>\n<div>T-Shirt, Rundhals-Ausschnitt, Single Jersey, 100 % Baumwolle, 180 g\/m\u00b2<\/div>\n<div><\/div>\n<div><strong>Schnitt<\/strong><\/div>\n<div>&#8211; komfortable Schnittform<\/div>\n<div><\/div>\n<div><strong>Verarbeitung<\/strong><\/div>\n<div>&#8211; Rippb\u00fcndchen mit Elasthan<\/div>\n<div>&#8211; Nackenband<\/div>\n<div>&#8211; verst\u00e4rkte Schultern\u00e4hte<\/div>\n<div>&#8211; Doppeln\u00e4hte<\/div>\n<div>&#8211; Schlauchware<\/div>\n<div><\/div>\n<div><strong>Eigenschaften<\/strong><\/div>\n<div>&#8211; gek\u00e4mmte Baumwolle<\/div>\n<div>&#8211; strapazierf\u00e4hig<\/div>\n<div>&#8211; formbest\u00e4ndig<\/div>\n<div>&#8211; weiches Griffgef\u00fchl<\/div>\n","protected":false},"excerpt":{"rendered":"<p>M\u00e4nner T-Shirt, Rundhals-Ausschnitt, Single Jersey<\/p>\n","protected":false},"featured_media":0,"comment_status":"open","ping_status":"closed","template":"","meta":[],"_links":{"self":[{"href":"https:\/\/deine-klamotten.de\/start\/wp-json\/wp\/v2\/product\/75868"}],"collection":[{"href":"https:\/\/deine-klamotten.de\/start\/wp-json\/wp\/v2\/product"}],"about":[{"href":"https:\/\/deine-klamotten.de\/start\/wp-json\/wp\/v2\/types\/product"}],"replies":[{"embeddable":true,"href":"https:\/\/deine-klamotten.de\/start\/wp-json\/wp\/v2\/comments?post=75868"}],"wp:attachment":[{"href":"https:\/\/deine-klamotten.de\/start\/wp-json\/wp\/v2\/media?parent=75868"}],"curies":[{"name":"wp","href":"https:\/\/api.w.org\/{rel}","templated":true}]}}