{"id":80592,"date":"2018-06-21T15:22:17","date_gmt":"2018-06-21T13:22:17","guid":{"rendered":"https:\/\/deine-klamotten.de\/?post_type=product&#038;p=80592"},"modified":"2018-09-26T10:57:47","modified_gmt":"2018-09-26T08:57:47","slug":"team-braeutigam-herren-rundhals-fun-shirt-fotl-junggesellenabschied","status":"publish","type":"product","link":"https:\/\/deine-klamotten.de\/start\/produkt\/team-braeutigam-herren-rundhals-fun-shirt-fotl-junggesellenabschied\/","title":{"rendered":"Team Br\u00e4utigam Herren Rundhals Fun Shirt Fruit of the Loom Junggesellenabschied"},"content":{"rendered":"<h3><strong>Team Br\u00e4utigam Herren Rundhals Fun Shirt Junggesellenabschied<\/strong><\/h3>\n<h3><strong>Mit diesen Shirts bist Du perfekt f\u00fcr den Junggesellenabschied ausger\u00fcstet<\/strong><\/h3>\n<h3><strong>W\u00e4hle das Shirt f\u00fcr den Br\u00e4utigam und die Shirts f\u00fcr das Team<\/strong><\/h3>\n<h3><strong>Das ultimative\u00a0<\/strong><strong>Junggesellenabschied\u00a0<\/strong><strong>T-Shirt<\/strong><\/h3>\n<h3><b style=\"font-size: 20.16px;\">M\u00e4nner Fun-Shirt in Top Qualit\u00e4t zum super Preis<\/b><\/h3>\n<div>T-Shirt, Rundhals-Ausschnitt, 100 % Baumwolle, 165 g\/m\u00b2<\/div>\n<div><\/div>\n<div>Fruit of the Loom<\/div>\n<div>\n<p>Nackenband<\/p>\n<p>Doppelnaht an \u00c4rmeln, Halsausschnitt und Bund<\/p>\n<p>Vorgekrumpfte Schlauchware<\/p>\n<p>Optimale Formbest\u00e4ndigkeit<\/p>\n<\/div>\n","protected":false},"excerpt":{"rendered":"<p>Herren T-Shirt f\u00fcr den Junggesellenabschied<\/p>\n<p>W\u00e4hle das Shirt f\u00fcr den Br\u00e4utigam und sein Team!<\/p>\n<p>(Orange nur bis 3XL)<\/p>\n","protected":false},"featured_media":0,"comment_status":"open","ping_status":"closed","template":"","meta":[],"_links":{"self":[{"href":"https:\/\/deine-klamotten.de\/start\/wp-json\/wp\/v2\/product\/80592"}],"collection":[{"href":"https:\/\/deine-klamotten.de\/start\/wp-json\/wp\/v2\/product"}],"about":[{"href":"https:\/\/deine-klamotten.de\/start\/wp-json\/wp\/v2\/types\/product"}],"replies":[{"embeddable":true,"href":"https:\/\/deine-klamotten.de\/start\/wp-json\/wp\/v2\/comments?post=80592"}],"wp:attachment":[{"href":"https:\/\/deine-klamotten.de\/start\/wp-json\/wp\/v2\/media?parent=80592"}],"curies":[{"name":"wp","href":"https:\/\/api.w.org\/{rel}","templated":true}]}}