{"id":81995,"date":"2018-08-10T10:46:05","date_gmt":"2018-08-10T08:46:05","guid":{"rendered":"https:\/\/deine-klamotten.de\/?post_type=product&#038;p=81995"},"modified":"2018-08-10T10:53:21","modified_gmt":"2018-08-10T08:53:21","slug":"damen-fun-hoodie-ich-tanze-nicht-ich-headbange-festival-rock-metal-skull-totenkopf","status":"publish","type":"product","link":"https:\/\/deine-klamotten.de\/start\/produkt\/damen-fun-hoodie-ich-tanze-nicht-ich-headbange-festival-rock-metal-skull-totenkopf\/","title":{"rendered":"Damen Fun Hoodie Ich tanze nicht ich headbange Festival Rock Metal Skull Totenkopf"},"content":{"rendered":"<h3><strong>Damen Fun Hoodie Ich tanze nicht ich headbange Festival Rock Metal Skull Totenkopf<\/strong><\/h3>\n<h3><b style=\"font-size: 20.16px;\">Cooler Hoodie mit coolem Print. Mit diesem coolen Kapuzenpullover bist Du perfekt ausger\u00fcstet f\u00fcr den n\u00e4chsten Moshpit und die n\u00e4chste Wall of Death&#8230;<\/b><\/h3>\n<h3><b style=\"font-size: 20.16px;\">Cooler Kapuzenpullover mit coolem Print.<\/b><\/h3>\n<h3><strong>Damen Fun Hoodie Ich tanze nicht ich headbange Festival Rock Metal Skull Totenkopf<\/strong><\/h3>\n<h3><b>Heavy Metal \u2013 Black Metal \u2013 Death Metal \u2013 Sleaze Metal \u2013 Glam Metal \u2013 Power Metal \u2013 Groove Metal \u2013 NWoBHM \u2013 Thrash Metal \u2013 Speed Metal \u2013 Doom Metal \u2013 Progressive Metal \u2013 Gothic Metal \u2013 Industrial Metal \u2013 Nu Metal \u2013 Folk Metal \u2013 Oldschool Metal \u2013 Grindcore \u2013 Metalcore \u2013 Pagan Metal \u2013 Symphonic Metal \u2013 Viking Metal \u2013 Alternative Metal \u2013 White Metal<\/b><\/h3>\n<p>&#8211; Sweatshirt<br \/>\n&#8211; K\u00e4ngurutasche<br \/>\n&#8211; Doppelkapuze<br \/>\n&#8211; Elasthanb\u00fcndchen an Arm und Saum<br \/>\n&#8211; Mischgewebe mit 80 % Baumwolle &#8211;\u00a020 % Polyester<br \/>\n&#8211; Molton brushed<br \/>\n&#8211; 280 g\/m<\/p>\n<div>\n<p>&#8211;\u00a0femininer Schnitt<br \/>\n&#8211; leicht tailliert<\/p>\n<p>&#8211; 3-f\u00e4dige Sweatware<br \/>\n&#8211; angeraute Innenseite<br \/>\n&#8211; Set-in-\u00c4rmel<br \/>\n&#8211; Elasthanb\u00fcndchen an Arm und Saum<br \/>\n&#8211; verst\u00e4rkte Schultern\u00e4hte<br \/>\n&#8211; Doppeln\u00e4hte<\/p>\n<p>&#8211; gek\u00e4mmte Baumwolle<br \/>\n&#8211; gute thermophysiologische Eigenschaften<br \/>\n&#8211; feine Oberfl\u00e4che<\/p>\n<\/div>\n","protected":false},"excerpt":{"rendered":"<p>Damen Hoodie, Kapuze, K\u00e4ngurutasche, figurbetont, Baumwolle\/Polyester Mischgewebe (20\/80)<\/p>\n","protected":false},"featured_media":0,"comment_status":"open","ping_status":"closed","template":"","meta":[],"_links":{"self":[{"href":"https:\/\/deine-klamotten.de\/start\/wp-json\/wp\/v2\/product\/81995"}],"collection":[{"href":"https:\/\/deine-klamotten.de\/start\/wp-json\/wp\/v2\/product"}],"about":[{"href":"https:\/\/deine-klamotten.de\/start\/wp-json\/wp\/v2\/types\/product"}],"replies":[{"embeddable":true,"href":"https:\/\/deine-klamotten.de\/start\/wp-json\/wp\/v2\/comments?post=81995"}],"wp:attachment":[{"href":"https:\/\/deine-klamotten.de\/start\/wp-json\/wp\/v2\/media?parent=81995"}],"curies":[{"name":"wp","href":"https:\/\/api.w.org\/{rel}","templated":true}]}}