{"id":82101,"date":"2018-08-17T14:40:43","date_gmt":"2018-08-17T12:40:43","guid":{"rendered":"https:\/\/deine-klamotten.de\/?post_type=product&#038;p=82101"},"modified":"2018-08-17T14:59:28","modified_gmt":"2018-08-17T12:59:28","slug":"damen-fun-tanktop-in-your-face-festival-rock-metal-skull-totenkopf","status":"publish","type":"product","link":"https:\/\/deine-klamotten.de\/start\/produkt\/damen-fun-tanktop-in-your-face-festival-rock-metal-skull-totenkopf\/","title":{"rendered":"Damen Fun Tanktop In Your Face Festival Rock Metal Skull Totenkopf"},"content":{"rendered":"<h3><strong>Damen Fun Tanktop In Your Face Festival Rock Metal Skull Totenkopf<\/strong><\/h3>\n<h3><strong>Cooles Tanktop\u00a0<\/strong><strong>f\u00fcr Dein n\u00e4chstes Festival<\/strong><\/h3>\n<h3><strong>Damen Fun Tanktop In Your Face Festival Rock Metal Skull Totenkopf<\/strong><\/h3>\n<h3><b>Damen Tr\u00e4gershirt in Top Qualit\u00e4t zum super Preis<\/b><\/h3>\n<h3><b>Heavy Metal \u2013 Black Metal \u2013 Death Metal \u2013 Sleaze Metal \u2013 Glam Metal \u2013 Power Metal \u2013 Groove Metal \u2013 NWoBHM \u2013 Thrash Metal \u2013 Speed Metal \u2013 Doom Metal \u2013 Progressive Metal \u2013 Gothic Metal \u2013 Industrial Metal \u2013 Nu Metal \u2013 Folk Metal \u2013 Oldschool Metal \u2013 Grindcore \u2013 Metalcore \u2013 Pagan Metal \u2013 Symphonic Metal \u2013 Viking Metal \u2013 Alternative Metal \u2013 White Metal<\/b><\/h3>\n<div>Tr\u00e4gershirt, figurbetont, Single Jersey, neutrales Gr\u00f6\u00dfenetikett,\u00a095 % Baumwolle, 5 % Elasthan, 180 g\/m\u00b2<\/div>\n<div><\/div>\n<div><strong>Schnitt<\/strong><\/div>\n<div>&#8211; figurbetont<\/div>\n<div><\/div>\n<div><strong>Verarbeitung<\/strong><\/div>\n<div>&#8211; neutrales Gr\u00f6\u00dfenetikett<\/div>\n<div>&#8211; Doppeln\u00e4hte<\/div>\n<div>&#8211; Seitenn\u00e4hte<\/div>\n<div><\/div>\n<div><strong>Eigenschaften<\/strong><\/div>\n<div>&#8211; gek\u00e4mmte Baumwolle<\/div>\n<div>&#8211; weiches Griffgef\u00fchl<\/div>\n<div>&#8211; Elasthananteil f\u00fcr besseren Komfort und Tragegef\u00fchl<\/div>\n<div><\/div>\n","protected":false},"excerpt":{"rendered":"<p>Damen Tank Top, Tr\u00e4gershirt, figurbetont, Single Jersey<\/p>\n","protected":false},"featured_media":0,"comment_status":"open","ping_status":"closed","template":"","meta":[],"_links":{"self":[{"href":"https:\/\/deine-klamotten.de\/start\/wp-json\/wp\/v2\/product\/82101"}],"collection":[{"href":"https:\/\/deine-klamotten.de\/start\/wp-json\/wp\/v2\/product"}],"about":[{"href":"https:\/\/deine-klamotten.de\/start\/wp-json\/wp\/v2\/types\/product"}],"replies":[{"embeddable":true,"href":"https:\/\/deine-klamotten.de\/start\/wp-json\/wp\/v2\/comments?post=82101"}],"wp:attachment":[{"href":"https:\/\/deine-klamotten.de\/start\/wp-json\/wp\/v2\/media?parent=82101"}],"curies":[{"name":"wp","href":"https:\/\/api.w.org\/{rel}","templated":true}]}}