{"id":86325,"date":"2019-01-25T14:18:34","date_gmt":"2019-01-25T13:18:34","guid":{"rendered":"https:\/\/deine-klamotten.de\/?post_type=product&#038;p=86325"},"modified":"2021-02-26T11:45:27","modified_gmt":"2021-02-26T10:45:27","slug":"herren-fun-hoodie-ich-bin-lkw-fahrer-ich-hoehre-nicht-auf-wenn-ich-muede-bin-ich-hoehre-auf-wenn-ich-fertig-bin-fahrer-lkw-lieferant","status":"publish","type":"product","link":"https:\/\/deine-klamotten.de\/start\/produkt\/herren-fun-hoodie-ich-bin-lkw-fahrer-ich-hoehre-nicht-auf-wenn-ich-muede-bin-ich-hoehre-auf-wenn-ich-fertig-bin-fahrer-lkw-lieferant\/","title":{"rendered":"Herren Fun Hoodie Ich bin LKW Fahrer ich h\u00f6hre nicht auf wenn ich m\u00fcde bin ich h\u00f6hre auf wenn ich fertig bin Fahrer LKW Lieferant"},"content":{"rendered":"<h3><strong>Herren Fun Hoodie Ich bin LKW Fahrer ich h\u00f6hre nicht auf wenn ich m\u00fcde bin ich h\u00f6hre auf wenn ich fertig bin Fahrer LKW Lieferant<\/strong><\/h3>\n<p>&#8211; K\u00e4ngurutasche<br \/>\n&#8211; Doppelkapuze<br \/>\n&#8211; Elasthanb\u00fcndchen an Arm und Saum<br \/>\n&#8211; Mischgewebe mit 80 % Baumwolle &#8211;\u00a020 % Polyester<br \/>\n&#8211; Molton brushed<br \/>\n&#8211; 280 g\/m<\/p>\n<p>&#8211; komfortable Schnittform<br \/>\n&#8211; angenehmes Tragegef\u00fchl<\/p>\n<div>\n<p>&#8211; 3-f\u00e4dige Sweatware<br \/>\n&#8211; angeraute Innenseite<br \/>\n&#8211; Set-in-\u00c4rmel<br \/>\n&#8211; Elasthanb\u00fcndchen an Arm und Saum<br \/>\n&#8211; verst\u00e4rkte Schultern\u00e4hte<br \/>\n&#8211; Doppeln\u00e4hte<\/p>\n<p>&#8211; gek\u00e4mmte Baumwolle<br \/>\n&#8211; gute thermophysiologische Eigenschaften<br \/>\n&#8211; feine Oberfl\u00e4che<\/p>\n<\/div>\n","protected":false},"excerpt":{"rendered":"<p>Herren Hoodie, Kapuze, K\u00e4ngurutasche, Baumwolle\/Polyester Mischgewebe (20\/80)<\/p>\n","protected":false},"featured_media":0,"comment_status":"open","ping_status":"closed","template":"","meta":[],"_links":{"self":[{"href":"https:\/\/deine-klamotten.de\/start\/wp-json\/wp\/v2\/product\/86325"}],"collection":[{"href":"https:\/\/deine-klamotten.de\/start\/wp-json\/wp\/v2\/product"}],"about":[{"href":"https:\/\/deine-klamotten.de\/start\/wp-json\/wp\/v2\/types\/product"}],"replies":[{"embeddable":true,"href":"https:\/\/deine-klamotten.de\/start\/wp-json\/wp\/v2\/comments?post=86325"}],"wp:attachment":[{"href":"https:\/\/deine-klamotten.de\/start\/wp-json\/wp\/v2\/media?parent=86325"}],"curies":[{"name":"wp","href":"https:\/\/api.w.org\/{rel}","templated":true}]}}